pose 14*y = x + 19*y - 2, 0 = 5*x + 3*y - 98. What are the prime factors of x?
2, 11
Suppose -4*u + 4932 = -2*m - 2*m, -1237 = -u + 5*m. What are the prime factors of u?
2, 7, 11
Let q = -74 - -33. Let l = q + 60. List the prime factors of l.
19
Suppose 6*i + 2140 = 12898. Suppose 517 + i = 15*y. List the prime factors of y.
2, 7, 11
Let n be (-2*3)/(9/6). Let v be (-2)/(-4) - (-44)/8. Let r = v + n. What are the prime factors of r?
2
Let v(p) = 4*p**2 + p + 1. Let g be v(1). Suppose -49 = g*l - 133. What are the prime factors of l?
2, 7
Let g(j) = 2*j + 14. Let o be g(-12). Let a = o + 14. Suppose 5*d = -2*z + 2*d + 113, 0 = 4*z + a*d - 220. List the prime factors of z.
2, 13
Let z be (-2)/(-10) + -4 + 1345/25. List the prime factors of (-4 - -3)/((-1)/z).
2, 5
Let b = -19 - -6. Let w = 33 + -10. Let v = w + b. List the prime factors of v.
2, 5
Let v be 0/(3/(-3) + 4). Let i(j) be the third derivative of -j**6/120 - j**5/60 + j**4/24 + 19*j**3/6 - 5*j**2. What are the prime factors of i(v)?
19
Let i = -783 - -1887. List the prime factors of i.
2, 3, 23
Suppose -29*y + 1236 = -27*y. What are the prime factors of y?
2, 3, 103
Suppose 3*h - 607 = -169. What are the prime factors of h?
2, 73
Suppose 4*v = -5*s - 72, -v - 3*v - 56 = 4*s. What are the prime factors of (-1055)/(-13) - s/(-104)?
3
Let v(w) be the third derivative of -w**5/30 - w**4/6 - 5*w**3/3 - 5*w**2. Let y be v(-5). Let f = -29 - y. List the prime factors of f.
11
Let f be 15/3*(1 - 0). Suppose -4*t + 48 = 2*j + 3*j, 5*t + 30 = f*j. What are the prime factors of 10 + -6*j/(-12)?
2, 7
Let b = 34 - 31. Suppose 4*i - v = -479 + 2135, 2*v = b*i - 1237. Suppose -3*n - 2 = 1, i = 5*c + 5*n. List the prime factors of c.
2, 3, 7
Let f(n) = -6*n - 3*n - 5*n + 12*n + 22. What are the prime factors of f(-15)?
2, 13
Let i(g) = 131*g**2 + 62*g - 299. List the prime factors of i(5).
2, 31, 53
Let q(l) = 332*l - 481. What are the prime factors of q(5)?
3, 131
Suppose 2*b + 9*y - 552 = 5*y, 0 = 5*y - 5. List the prime factors of b.
2, 137
Let a(m) = -m - 2. Let r be a(5). Let w = r + 32. Suppose 3*l = -s + w, -3 = 2*l + 2*s - 17. What are the prime factors of l?
3
Let g = 452 + 96. List the prime factors of g.
2, 137
Let k be 0/(-18) - 1*-3. Suppose 5*c + 0*d - 4*d - 257 = 0, d + k = 0. What are the prime factors of c?
7
Let a(q) be the third derivative of q**4/24 + q**3/3 + 5*q**2. Let k be a(2). Suppose 4*s - 7 = -4*p + 85, 0 = -k*p + 4. What are the prime factors of s?
2, 11
Suppose 3*n = -12, 5*n + 120 = 3*s + 2*s. List the prime factors of s.
2, 5
Let m = 66 - 59. Suppose 2*z - m*z + 225 = 0. What are the prime factors of z?
3, 5
Let z be (0 - -1)/(6/36). Let s be 6 - -73 - z/(-2). Suppose 5*r = 13 + s. List the prime factors of r.
19
Suppose -3*b - b = -164. Suppose -2*q + 5*v + b = 2*q, -v = 5. Suppose q*i = -5*m - i + 160, 0 = 2*m - 3*i - 54. List the prime factors of m.
2, 3, 5
Suppose 0 = 4*a - 3*z - 3035, -2*z - 760 = 4*a - 5*a. List the prime factors of a.
2, 379
Let p(i) = 26*i - 10. Let m be p(6). Let v = -4 + m. What are the prime factors of v?
2, 71
Let l(y) = -y**2 - 2*y - 38. Suppose 0 = -q - 7 + 15. Let k(h) = 3*h**2 + 5*h + 115. Let n(c) = q*l(c) + 3*k(c). List the prime factors of n(0).
41
Suppose 3*l = 3262 + 488. What are the prime factors of l?
2, 5
Suppose 19*a - 18652 - 4319 = 0. List the prime factors of a.
3, 13, 31
Let k = -6 + 8. Suppose 0 = f + k*f - 24. List the prime factors of 4/f - (-21)/2.
11
Let f(k) = -k**3. Let g be (-3 + (-4)/(-2))*0. Let x be f(g). List the prime factors of x - (0/1 + -30).
2, 3, 5
Let y(o) = 8*o - 13. Let s = -35 - -43. List the prime factors of y(s).
3, 17
Let n = 1577 + -987. Suppose 5*r + 4*d - 173 - 575 = 0, n = 4*r - d. List the prime factors of r.
2, 37
Let l(w) = 2*w**3 - 4*w**2 + 3*w - 29. What are the prime factors of l(8)?
7, 109
Let k be 1*-7*1/(-1). Let r be ((-2)/(-6))/(k/126). Suppose 3*n + 12 = r*n. What are the prime factors of n?
2
Suppose -4*q + 500 = -2*z, q + 4*z = -3*q + 512. Let t = q - 52. Suppose 0 = 4*n - 3*a - t + 13, -16 = -n + a. What are the prime factors of n?
13
What are the prime factors of (-112)/(-336) + ((-3706)/6)/(-1)?
2, 3, 103
What are the prime factors of 4 - ((-2698)/8 - 30/40)?
2, 3, 19
Let v be -38 + ((-16)/(-4) - 1). Let i = -20 - v. List the prime factors of i.
3, 5
Let c(g) = -55*g - 62. Suppose 2*d = 4*v - 10, 0*v = 5*d + 2*v + 25. List the prime factors of c(d).
3, 71
Suppose 2*t + 3 = 2*r + 29, -3*t = 2*r - 24. Let y(j) = 0*j**2 - 2*j + 3*j - t - 5*j + j**2. What are the prime factors of y(-4)?
2, 11
Suppose 531 = -83*d + 86*d. Suppose a + 3*a - 5*l = -5, -4*a + 4*l - 4 = 0. Suppose a = 6*n - 93 - d. List the prime factors of n.
3, 5
Let g be (22/(-4) + 1)*-12. Suppose 2*c = -p - 0*c - 30, 0 = -p - c - 25. Let j = g + p. What are the prime factors of j?
2, 17
Suppose -4*h + 830 - 22 = 0. What are the prime factors of h?
2, 101
List the prime factors of (-3)/(-6)*-12 + 1189.
7, 13
Let s(t) = -3*t - 11. Let w be s(-6). Suppose -w*h + 598 + 53 = 0. What are the prime factors of h?
3, 31
Suppose -71 = -5*o + 2*k, -4*k - 41 = -2*o + k. Let m = o + 14. Suppose -5*r = -2*r - m. What are the prime factors of r?
3
Let v be -11*(-1 - 1)/2. Suppose -3*b + 8 = a, 5*b + 4*a + 0 - v = 0. Suppose -3 = 2*u - b*u, -3*k = -5*u - 111. What are the prime factors of k?
2, 3, 7
What are the prime factors of ((-13635)/(-90))/((-3)/(-4))?
2, 101
Let d = 2251 + -885. List the prime factors of d.
2, 683
Suppose f - y + 10 = -5*y, -5*f = 3*y - 1. Suppose t + 0*t - 17 = 0. Let b = t + f. What are the prime factors of b?
19
Suppose -4*i - s = -11373, i + 52*s = 56*s + 2839. List the prime factors of i.
2843
Let u(h) = -7*h + 12. Suppose 5*q = q. Suppose q = 3*w + 2*o + 9, -w + 3*w + 19 = 3*o. What are the prime factors of u(w)?
47
Let p = 169 + -93. Let d = p + -39. What are the prime factors of d?
37
Let h = 157 - 94. Suppose 0 = -2*q + h + 65. What are the prime factors of q?
2
Let w(c) = c + 5. Let q be w(15). Suppose -162 = -23*y + q*y. List the prime factors of y.
2, 3
Suppose -2*f + 266 = 5*h - 2268, h = -5*f + 516. What are the prime factors of h?
2, 11, 23
List the prime factors of 314/(-1099) - 74596/(-14).
2, 3, 37
Let d(w) = -w**3 + 7*w**2 + 5*w - 46. Let v be d(5). Suppose -z - 7 + 2 = 0. Let l = z + v. List the prime factors of l.
2, 3
Suppose 5*c - 1379 = 3*f + 347, 0 = -4*c - f + 1374. List the prime factors of 1/(3 - c/116).
29
Suppose 5*q + 147 = -16*q. Let d(t) = 2*t - 2*t - t + 5. What are the prime factors of d(q)?
2, 3
List the prime factors of -2 + 4/1 + 15.
17
Suppose 2 = i, -2*i = -q + 1 - 3. Let t = 27 - 21. Suppose -q*d + 32 + t = 0. List the prime factors of d.
19
Let q be (-9)/(-3)*-1 + 3. Suppose 5*h + 15 = q, -3*v + h + h + 138 = 0. Let f = -20 + v. List the prime factors of f.
2, 3
What are the prime factors of ((-7)/((-28)/16))/((-8)/(-706))?
353
Let z = 558 + -92. What are the prime factors of z?
2, 233
Let r be -19 - ((-54)/45)/(4/10). Let i be (-58)/4 - (-2)/4. Let d = i - r. What are the prime factors of d?
2
Let v = 31 + -28. Suppose 0*k - 162 = -v*k. What are the prime factors of k?
2, 3
Let r = -7 + 11. Suppose -r = -5*h + 3*h. What are the prime factors of ((-19)/(-3))/(h/6)?
19
Let h(j) = j**2 - 11*j - 103. List the prime factors of h(-22).
7, 89
Let q(c) = 3*c**2 + 9*c + 8. Let h be q(7). Let y = h + -129. What are the prime factors of y?
89
List the prime factors of (6 - (158 + 5))*(-4 + 2).
2, 157
List the prime factors of ((-39)/4)/(6/(-208)).
2, 13
Let o be 2/5 - (-4)/(-10). Suppose o*l + l = 2*c - 7, 3*c + 3 = -3*l. List the prime factors of (20/l)/((-2)/6).
2, 5
Let k be 5*((-12)/10)/(-1). Let w = k - 10. What are the prime factors of w/(-30) + (-2469)/(-45)?
5, 11
Let s(f) = f**3 - 7*f**2 - 8*f. Let w be s(8). Suppose -o + 0*o = w. Suppose -3*c + 3*y + 72 = o, -c - y = -17 + 3. List the prime factors of c.
19
What are the prime factors of (-6)/(-9) + 188/6 + 2?
2, 17
Suppose 6 = 3*m - 4*l, -12 = -3*m + 3*l - l. Suppose -f + 19 = -m. What are the prime factors of f?
5
Let n be (1 + -2)/((-2)/2470). What are the prime factors of n/15 + 2/3?
83
Let q(d) = -139*d - 92. What are the prime factors of q(-7)?
881
Let f(j) = 257*j - 405. List the prime factors of f(10).
5, 